{"version":"1.0","provider_name":"Ko\u015bci\u00f3\u0142 Pokoju | DE","provider_url":"https:\/\/kosciolpokoju.pl\/de","author_name":"kp_admin","author_url":"https:\/\/kosciolpokoju.pl\/de\/blog\/author\/admin\/","title":"O nas \/ Ko\u015bci\u00f3\u0142 Pokoju w \u015awidnicy","type":"rich","width":600,"height":338,"html":"<blockquote class=\"wp-embedded-content\" data-secret=\"QTkTikQQ4c\"><a href=\"https:\/\/kosciolpokoju.pl\/de\/o-nas\/\">O nas<\/a><\/blockquote><iframe sandbox=\"allow-scripts\" security=\"restricted\" src=\"https:\/\/kosciolpokoju.pl\/de\/o-nas\/embed\/#?secret=QTkTikQQ4c\" width=\"600\" height=\"338\" title=\"&#8222;O nas&#8221; &#8212; Ko\u015bci\u00f3\u0142 Pokoju | DE\" data-secret=\"QTkTikQQ4c\" frameborder=\"0\" marginwidth=\"0\" marginheight=\"0\" scrolling=\"no\" class=\"wp-embedded-content\"><\/iframe><script type=\"text\/javascript\">\n\/* <![CDATA[ *\/\n\/*! This file is auto-generated *\/\n!function(d,l){\"use strict\";l.querySelector&&d.addEventListener&&\"undefined\"!=typeof URL&&(d.wp=d.wp||{},d.wp.receiveEmbedMessage||(d.wp.receiveEmbedMessage=function(e){var t=e.data;if((t||t.secret||t.message||t.value)&&!\/[^a-zA-Z0-9]\/.test(t.secret)){for(var s,r,n,a=l.querySelectorAll('iframe[data-secret=\"'+t.secret+'\"]'),o=l.querySelectorAll('blockquote[data-secret=\"'+t.secret+'\"]'),c=new RegExp(\"^https?:$\",\"i\"),i=0;i<o.length;i++)o[i].style.display=\"none\";for(i=0;i<a.length;i++)s=a[i],e.source===s.contentWindow&&(s.removeAttribute(\"style\"),\"height\"===t.message?(1e3<(r=parseInt(t.value,10))?r=1e3:~~r<200&&(r=200),s.height=r):\"link\"===t.message&&(r=new URL(s.getAttribute(\"src\")),n=new URL(t.value),c.test(n.protocol))&&n.host===r.host&&l.activeElement===s&&(d.top.location.href=t.value))}},d.addEventListener(\"message\",d.wp.receiveEmbedMessage,!1),l.addEventListener(\"DOMContentLoaded\",function(){for(var e,t,s=l.querySelectorAll(\"iframe.wp-embedded-content\"),r=0;r<s.length;r++)(t=(e=s[r]).getAttribute(\"data-secret\"))||(t=Math.random().toString(36).substring(2,12),e.src+=\"#?secret=\"+t,e.setAttribute(\"data-secret\",t)),e.contentWindow.postMessage({message:\"ready\",secret:t},\"*\")},!1)))}(window,document);\n\/* ]]> *\/\n<\/script>\n","description":"Witamy w Ko\u015bciele Pokoju, kt\u00f3rego gospodarzami jeste\u015bmy od 1989 roku. Oboje przyjechali\u015bmy ze \u015al\u0105ska Cieszy\u0144skiego, \u017ceby zaopiekowa\u0107 si\u0119 zaniedbanym obiektem, kt\u00f3ry by\u0142 w katastrofalnym stanie. Przez \u0107wier\u0107 wieku uda\u0142o nam si\u0119 przeprowadzi\u0107 gruntown\u0105 renowacj\u0119 \u015bwi\u0105tyni i placu Pokoju: instalacja nowoczesnych system\u00f3w zabezpieczaj\u0105cych, wymiana gontowego dachu, wzmocnienie \u015bcian, restauracja o\u0142tarza, ambony, organ\u00f3w, bramy wjazdowej, domu dzwonnika, domu str\u00f3\u017ca, liceum ewangelickiego oraz cz\u0119\u015bci cmentarza, konserwacja 300-letnich Biblii i starodruk\u00f3w. Naszym szczeg\u00f3lnym powodem do dumy jest wpisanie \u015bwi\u0105tyni w 2001 r. na List\u0119 \u015awiatowego Dziedzictwa UNESCO. Ks. bp Waldemar Pytel \u2013 proboszcz parafii ewangelicko-augsburskiej w \u015awidnicy oraz biskup diecezji wroc\u0142awskiej Ko\u015bcio\u0142a Ewangelicko-Augsburskiego rozci\u0105gaj\u0105cej si\u0119 od Karpacza po Szczecin. Wielokrotnie nagradzany za ochron\u0119 d\u00f3br kultury i dzia\u0142alno\u015b\u0107 ekumeniczn\u0105. Zagorza\u0142y fan futbolu, kibicuje \u015al\u0105skowi Wroc\u0142aw i FC Barcelona. Bo\u017cena Pytel \u2013 socjolog i fotograf, zajmuje si\u0119 PR i dzia\u0142aniami kulturalno-edukacyjnymi w Ko\u015bciele Pokoju. Wyda\u0142a XVII-wieczny pami\u0119tnik \u015bwidniczanina, na podstawie kt\u00f3rego powsta\u0142a sztuka grana przez aktor\u00f3w Teatru Starego w Krakowie. Przygotowa\u0142a warsztaty dziennikarsko-fotograficzne dla gimnazjalist\u00f3w z kilku miast oraz zaj\u0119cia dla grupy \u015bwidnickich licealist\u00f3w i senior\u00f3w. Pomys\u0142odawczyni Artystycznego Lata na placu Pokoju, czyli warsztat\u00f3w malarskich, rze\u017abiarskich i teatralnych. Wyr\u00f3\u017cniona przez prezydenta \u015awidnicy nagrod\u0105 kulturaln\u0105. Jeste\u015bmy ma\u0142\u017ce\u0144stwem od prawie 30. lat, mamy dw\u00f3ch doros\u0142ych syn\u00f3w. Nasza parafia ewangelicko-augsburska istnieje od po\u0142owy XVII wieku, kiedy wydano zgod\u0119 na budow\u0119 \u015bwi\u0105tyni. Od 1657 r. w Ko\u015bciele Pokoju nieprzerwanie odprawia si\u0119 nabo\u017ce\u0144stwa. Sytuacja parafian zmieni\u0142a si\u0119 po drugiej wojnie \u015bwiatowej, kiedy Dolny \u015al\u0105sk znalaz\u0142 si\u0119 w granicach Polski. Niemieck\u0105 Schweidnitz musieli opu\u015bci\u0107 dotychczasowi mieszka\u0144cy, g\u0142\u00f3wnie protestanci. Nowi mieszka\u0144cy, kt\u00f3rzy przyjechali z r\u00f3\u017cnych stron, byli zwykle katolikami i nasza \u015bwi\u0105tynia opustosza\u0142a. Do 1945 r. na nabo\u017ce\u0144stwa przychodzi\u0142o tutaj kilka, kilkana\u015bcie tysi\u0119cy os\u00f3b. Teraz nasza parafia liczy 120 os\u00f3b, obejmuje \u015awidnic\u0119, Bielaw\u0119 i Dzier\u017coni\u00f3w. Spotykamy si\u0119 na nabo\u017ce\u0144stwach w Ko\u015bciele Pokoju w niedziele o godz.10. Jeste\u015bmy protestantami, dok\u0142adniej &#8211; ewangelikami, a jeszcze dok\u0142adniej \u2013 luteranami. Nale\u017cymy do Ko\u015bcio\u0142a Ewangelicko-Augsburskiego, kt\u00f3ry jest najwi\u0119kszym ko\u015bcio\u0142em protestanckim w Polsce, z ks. biskupem Jerzym Samcem na czele. Liczy 71 tys. wiernych (najwi\u0119cej na \u015al\u0105sku Cieszy\u0144skim), w sze\u015bciu diecezjach. Nazwa Ko\u015bcio\u0142a Ewangelicko-Augsburskiego pochodzi od wyznania wiary z\u0142o\u017conego w 1530 roku na sejmie w Augsburgu. Odwo\u0142ujemy si\u0119 do Reformacji zapocz\u0105tkowanej w 1517 r. przez ks. Marcina Lutra, kt\u00f3ry zach\u0119ca\u0142 do odnowy Ko\u015bcio\u0142a. Uznajemy sakramenty chrztu i komunii, konfirmacj\u0119, spowied\u017a powszechn\u0105 i ma\u0142\u017ce\u0144stwo. Wierzymy w niebo i piek\u0142o, odrzucamy czy\u015bciec. Ksi\u0119\u017cy nie obowi\u0105zuje celibat. Nabo\u017ce\u0144stwo sk\u0142ada si\u0119 z liturgii S\u0142owa i liturgii komunii. Nasze podstawowe zasady: Solum Verbum (jedynie S\u0142owo) &#8211; S\u0142owo Bo\u017ce jest jedynym \u017ar\u00f3d\u0142em \u0142aski i zbawienia, Solus Christus (jedynie Chrystus) &#8211; Jezus Chrystus jest po\u015brednikiem mi\u0119dzy Bogiem a cz\u0142owiekiem, wiara w niego jest drog\u0105 do zbawienia. Tylko on mo\u017ce by\u0107 przedmiotem czci, on jest g\u0142ow\u0105 Ko\u015bcio\u0142a, nie papie\u017c. Nie uznajemy kultu \u015bwi\u0119tych ani Marii, kt\u00f3r\u0105 darzymy szacunkiem, Sola Scriptura (jedynie Pismo) &#8211; jedynym \u017ar\u00f3d\u0142em wiary i punktem odniesienia dla ewangelika jest Biblia, a nie soborowe orzeczenia, Sola gratia (jedynie \u0141aska) &#8211; to \u0141aska Bo\u017ca zapewnia nam zbawienie, nie mo\u017cna jej zyska\u0107 przez uczynki. Cz\u0142owiek mo\u017ce by\u0107 usprawiedliwiony przez Boga \u201eza darmo\u201d, jedynie z \u0142aski Bo\u017cej.","thumbnail_url":"https:\/\/kosciolpokoju.pl\/de\/wp-content\/uploads\/sites\/3\/2015\/01\/bp1.jpg"}

Kościół Pokoju | DE

O nas / Kościół Pokoju w Świdnicy

<blockquote class="wp-embedded-content" data-secret="QTkTikQQ4c"><a href="https://kosciolpokoju.pl/de/o-nas/">O nas</a></blockquote><iframe sandbox="allow-scripts" security="restricted" src="https://kosciolpokoju.pl/de/o-nas/embed/#?secret=QTkTikQQ4c" width="600" height="338" title="&#8222;O nas&#8221; &#8212; Kościół Pokoju | DE" data-secret="QTkTikQQ4c" frameborder="0" marginwidth="0" marginheight="0" scrolling="no" class="wp-embedded-content"></iframe><script type="text/javascript">
/* <![CDATA[ */
/*! This file is auto-generated */
!function(d,l){"use strict";l.querySelector&&d.addEventListener&&"undefined"!=typeof URL&&(d.wp=d.wp||{},d.wp.receiveEmbedMessage||(d.wp.receiveEmbedMessage=function(e){var t=e.data;if((t||t.secret||t.message||t.value)&&!/[^a-zA-Z0-9]/.test(t.secret)){for(var s,r,n,a=l.querySelectorAll('iframe[data-secret="'+t.secret+'"]'),o=l.querySelectorAll('blockquote[data-secret="'+t.secret+'"]'),c=new RegExp("^https?:$","i"),i=0;i<o.length;i++)o[i].style.display="none";for(i=0;i<a.length;i++)s=a[i],e.source===s.contentWindow&&(s.removeAttribute("style"),"height"===t.message?(1e3<(r=parseInt(t.value,10))?r=1e3:~~r<200&&(r=200),s.height=r):"link"===t.message&&(r=new URL(s.getAttribute("src")),n=new URL(t.value),c.test(n.protocol))&&n.host===r.host&&l.activeElement===s&&(d.top.location.href=t.value))}},d.addEventListener("message",d.wp.receiveEmbedMessage,!1),l.addEventListener("DOMContentLoaded",function(){for(var e,t,s=l.querySelectorAll("iframe.wp-embedded-content"),r=0;r<s.length;r++)(t=(e=s[r]).getAttribute("data-secret"))||(t=Math.random().toString(36).substring(2,12),e.src+="#?secret="+t,e.setAttribute("data-secret",t)),e.contentWindow.postMessage({message:"ready",secret:t},"*")},!1)))}(window,document);
/* ]]> */
</script>

Witamy w Kościele Pokoju, którego gospodarzami jesteśmy od 1989 roku. Oboje przyjechaliśmy ze Śląska Cieszyńskiego, żeby zaopiekować się zaniedbanym obiektem, który był w katastrofalnym stanie. Przez ćwierć wieku udało nam się przeprowadzić gruntowną renowację świątyni i placu Pokoju: instalacja nowoczesnych systemów zabezpieczających, wymiana gontowego dachu, wzmocnienie ścian, restauracja ołtarza, ambony, organów, bramy wjazdowej, domu dzwonnika, domu stróża, liceum ewangelickiego oraz części cmentarza, konserwacja 300-letnich Biblii i starodruków. Naszym szczególnym powodem do dumy jest wpisanie świątyni w 2001 r. na Listę Światowego Dziedzictwa UNESCO. Ks. bp Waldemar Pytel – proboszcz parafii ewangelicko-augsburskiej w Świdnicy oraz biskup diecezji wrocławskiej Kościoła Ewangelicko-Augsburskiego rozciągającej się od Karpacza po Szczecin. Wielokrotnie nagradzany za ochronę dóbr kultury i działalność ekumeniczną. Zagorzały fan futbolu, kibicuje Śląskowi Wrocław i FC Barcelona. Bożena Pytel – socjolog i fotograf, zajmuje się PR i działaniami kulturalno-edukacyjnymi w Kościele Pokoju. Wydała XVII-wieczny pamiętnik świdniczanina, na podstawie którego powstała sztuka grana przez aktorów Teatru Starego w Krakowie. Przygotowała warsztaty dziennikarsko-fotograficzne dla gimnazjalistów z kilku miast oraz zajęcia dla grupy świdnickich licealistów i seniorów. Pomysłodawczyni Artystycznego Lata na placu Pokoju, czyli warsztatów malarskich, rzeźbiarskich i teatralnych. Wyróżniona przez prezydenta Świdnicy nagrodą kulturalną. Jesteśmy małżeństwem od prawie 30. lat, mamy dwóch dorosłych synów. Nasza parafia ewangelicko-augsburska istnieje od połowy XVII wieku, kiedy wydano zgodę na budowę świątyni. Od 1657 r. w Kościele Pokoju nieprzerwanie odprawia się nabożeństwa. Sytuacja parafian zmieniła się po drugiej wojnie światowej, kiedy Dolny Śląsk znalazł się w granicach Polski. Niemiecką Schweidnitz musieli opuścić dotychczasowi mieszkańcy, głównie protestanci. Nowi mieszkańcy, którzy przyjechali z różnych stron, byli zwykle katolikami i nasza świątynia opustoszała. Do 1945 r. na nabożeństwa przychodziło tutaj kilka, kilkanaście tysięcy osób. Teraz nasza parafia liczy 120 osób, obejmuje Świdnicę, Bielawę i Dzierżoniów. Spotykamy się na nabożeństwach w Kościele Pokoju w niedziele o godz.10. Jesteśmy protestantami, dokładniej &#8211; ewangelikami, a jeszcze dokładniej – luteranami. Należymy do Kościoła Ewangelicko-Augsburskiego, który jest największym kościołem protestanckim w Polsce, z ks. biskupem Jerzym Samcem na czele. Liczy 71 tys. wiernych (najwięcej na Śląsku Cieszyńskim), w sześciu diecezjach. Nazwa Kościoła Ewangelicko-Augsburskiego pochodzi od wyznania wiary złożonego w 1530 roku na sejmie w Augsburgu. Odwołujemy się do Reformacji zapoczątkowanej w 1517 r. przez ks. Marcina Lutra, który zachęcał do odnowy Kościoła. Uznajemy sakramenty chrztu i komunii, konfirmację, spowiedź powszechną i małżeństwo. Wierzymy w niebo i piekło, odrzucamy czyściec. Księży nie obowiązuje celibat. Nabożeństwo składa się z liturgii Słowa i liturgii komunii. Nasze podstawowe zasady: Solum Verbum (jedynie Słowo) &#8211; Słowo Boże jest jedynym źródłem łaski i zbawienia, Solus Christus (jedynie Chrystus) &#8211; Jezus Chrystus jest pośrednikiem między Bogiem a człowiekiem, wiara w niego jest drogą do zbawienia. Tylko on może być przedmiotem czci, on jest głową Kościoła, nie papież. Nie uznajemy kultu świętych ani Marii, którą darzymy szacunkiem, Sola Scriptura (jedynie Pismo) &#8211; jedynym źródłem wiary i punktem odniesienia dla ewangelika jest Biblia, a nie soborowe orzeczenia, Sola gratia (jedynie Łaska) &#8211; to Łaska Boża zapewnia nam zbawienie, nie można jej zyskać przez uczynki. Człowiek może być usprawiedliwiony przez Boga „za darmo”, jedynie z łaski Bożej.
