{"id":123,"date":"2015-01-30T05:33:58","date_gmt":"2015-01-30T05:33:58","guid":{"rendered":"http:\/\/imicreationlive.com\/adore-church\/?page_id=123"},"modified":"2015-01-30T05:33:58","modified_gmt":"2015-01-30T05:33:58","slug":"kontakt","status":"publish","type":"page","link":"https:\/\/kosciolpokoju.pl\/de\/kontakt\/","title":{"rendered":"Kontakt"},"content":{"rendered":"<h4><span style=\"color: #000000\"><strong>Ko\u015bci\u00f3\u0142 Pokoju<\/strong><\/span><\/h4>\n<p><strong><span style=\"color: #000000\">Parafia Ewangelicko-Augsburska<br \/>\npw. \u015bw. Tr\u00f3jcy<\/span><\/strong><br \/>\n<span style=\"color: #000000\"> plac Pokoju 6 \/ <\/span><span style=\"color: #000000\">58-100 \u015awidnica<\/span><br \/>\n<span style=\"color: #000000\"> tel.\/fax +48 74 852 28 14 \/ <\/span><span style=\"color: #000000\">tel. +48 603 331\u00a0578<br \/>\n<a href=\"mailto:kosciol@kosciolpokoju.pl\">kosciol@kosciolpokoju.pl<\/a><\/span><\/p>\n<p><span style=\"color: #000000\">Zapraszamy r\u00f3wnie\u017c na stron\u0119 projektu &#8222;Lutera\u0144ska Enklawa&#8221; <\/span><span style=\"color: #000000\">&#8211; Obiekt UNESCO, Ko\u015bci\u00f3\u0142 Pokoju w \u015awidnicy<\/span><br \/>\n<a href=\"https:\/\/www.luteranskaenklawa.pl\/\" target=\"_blank\"><span style=\"color: #000000\">kosciol@kosciolpokoju.pl<\/span><\/a><\/p>\n","protected":false},"excerpt":{"rendered":"<p>Ko\u015bci\u00f3\u0142 Pokoju Parafia Ewangelicko-Augsburska pw. \u015bw. Tr\u00f3jcy plac Pokoju 6 \/ 58-100 \u015awidnica tel.\/fax +48 74 852 28 14 \/ tel. +48 603 331\u00a0578 kosciol@kosciolpokoju.pl Zapraszamy r\u00f3wnie\u017c na stron\u0119 projektu &#8222;Lutera\u0144ska Enklawa&#8221; &#8211; Obiekt UNESCO, Ko\u015bci\u00f3\u0142 Pokoju w \u015awidnicy kosciol@kosciolpokoju.pl<\/p>\n","protected":false},"author":1,"featured_media":0,"parent":0,"menu_order":0,"comment_status":"open","ping_status":"open","template":"template-contact.php","meta":{"footnotes":""},"yoast_head":"<!-- This site is optimized with the Yoast SEO plugin v20.4 - https:\/\/yoast.com\/wordpress\/plugins\/seo\/ -->\n<title>Kontakt \/ Ko\u015bci\u00f3\u0142 Pokoju w \u015awidnicy<\/title>\n<meta name=\"robots\" content=\"index, follow, max-snippet:-1, max-image-preview:large, max-video-preview:-1\" \/>\n<link rel=\"canonical\" href=\"https:\/\/kosciolpokoju.pl\/de\/kontakt\/\" \/>\n<meta property=\"og:locale\" content=\"pl_PL\" \/>\n<meta property=\"og:type\" content=\"article\" \/>\n<meta property=\"og:title\" content=\"Kontakt \/ Ko\u015bci\u00f3\u0142 Pokoju w \u015awidnicy\" \/>\n<meta property=\"og:description\" content=\"Ko\u015bci\u00f3\u0142 Pokoju Parafia Ewangelicko-Augsburska pw. \u015bw. Tr\u00f3jcy plac Pokoju 6 \/ 58-100 \u015awidnica tel.\/fax +48 74 852 28 14 \/ tel. +48 603 331\u00a0578 kosciol@kosciolpokoju.pl Zapraszamy r\u00f3wnie\u017c na stron\u0119 projektu &#8222;Lutera\u0144ska Enklawa&#8221; &#8211; Obiekt UNESCO, Ko\u015bci\u00f3\u0142 Pokoju w \u015awidnicy kosciol@kosciolpokoju.pl\" \/>\n<meta property=\"og:url\" content=\"https:\/\/kosciolpokoju.pl\/de\/kontakt\/\" \/>\n<meta property=\"og:site_name\" content=\"Ko\u015bci\u00f3\u0142 Pokoju | DE\" \/>\n<meta name=\"twitter:card\" content=\"summary_large_image\" \/>\n<script type=\"application\/ld+json\" class=\"yoast-schema-graph\">{\"@context\":\"https:\/\/schema.org\",\"@graph\":[{\"@type\":\"WebPage\",\"@id\":\"https:\/\/kosciolpokoju.pl\/de\/kontakt\/\",\"url\":\"https:\/\/kosciolpokoju.pl\/de\/kontakt\/\",\"name\":\"Kontakt \/ Ko\u015bci\u00f3\u0142 Pokoju w \u015awidnicy\",\"isPartOf\":{\"@id\":\"https:\/\/kosciolpokoju.pl\/de\/#website\"},\"datePublished\":\"2015-01-30T05:33:58+00:00\",\"dateModified\":\"2015-01-30T05:33:58+00:00\",\"breadcrumb\":{\"@id\":\"https:\/\/kosciolpokoju.pl\/de\/kontakt\/#breadcrumb\"},\"inLanguage\":\"pl-PL\",\"potentialAction\":[{\"@type\":\"ReadAction\",\"target\":[\"https:\/\/kosciolpokoju.pl\/de\/kontakt\/\"]}]},{\"@type\":\"BreadcrumbList\",\"@id\":\"https:\/\/kosciolpokoju.pl\/de\/kontakt\/#breadcrumb\",\"itemListElement\":[{\"@type\":\"ListItem\",\"position\":1,\"name\":\"Strona g\u0142\u00f3wna\",\"item\":\"https:\/\/kosciolpokoju.pl\/de\/\"},{\"@type\":\"ListItem\",\"position\":2,\"name\":\"Kontakt\"}]},{\"@type\":\"WebSite\",\"@id\":\"https:\/\/kosciolpokoju.pl\/de\/#website\",\"url\":\"https:\/\/kosciolpokoju.pl\/de\/\",\"name\":\"Ko\u015bci\u00f3\u0142 Pokoju | DE\",\"description\":\"Najwi\u0119ksza drewniana barokowa \u015bwi\u0105tynia na \u015bwiecie!\",\"potentialAction\":[{\"@type\":\"SearchAction\",\"target\":{\"@type\":\"EntryPoint\",\"urlTemplate\":\"https:\/\/kosciolpokoju.pl\/de\/?s={search_term_string}\"},\"query-input\":\"required name=search_term_string\"}],\"inLanguage\":\"pl-PL\"}]}<\/script>\n<!-- \/ Yoast SEO plugin. -->","yoast_head_json":{"title":"Kontakt \/ Ko\u015bci\u00f3\u0142 Pokoju w \u015awidnicy","robots":{"index":"index","follow":"follow","max-snippet":"max-snippet:-1","max-image-preview":"max-image-preview:large","max-video-preview":"max-video-preview:-1"},"canonical":"https:\/\/kosciolpokoju.pl\/de\/kontakt\/","og_locale":"pl_PL","og_type":"article","og_title":"Kontakt \/ Ko\u015bci\u00f3\u0142 Pokoju w \u015awidnicy","og_description":"Ko\u015bci\u00f3\u0142 Pokoju Parafia Ewangelicko-Augsburska pw. \u015bw. Tr\u00f3jcy plac Pokoju 6 \/ 58-100 \u015awidnica tel.\/fax +48 74 852 28 14 \/ tel. +48 603 331\u00a0578 kosciol@kosciolpokoju.pl Zapraszamy r\u00f3wnie\u017c na stron\u0119 projektu &#8222;Lutera\u0144ska Enklawa&#8221; &#8211; Obiekt UNESCO, Ko\u015bci\u00f3\u0142 Pokoju w \u015awidnicy kosciol@kosciolpokoju.pl","og_url":"https:\/\/kosciolpokoju.pl\/de\/kontakt\/","og_site_name":"Ko\u015bci\u00f3\u0142 Pokoju | DE","twitter_card":"summary_large_image","schema":{"@context":"https:\/\/schema.org","@graph":[{"@type":"WebPage","@id":"https:\/\/kosciolpokoju.pl\/de\/kontakt\/","url":"https:\/\/kosciolpokoju.pl\/de\/kontakt\/","name":"Kontakt \/ Ko\u015bci\u00f3\u0142 Pokoju w \u015awidnicy","isPartOf":{"@id":"https:\/\/kosciolpokoju.pl\/de\/#website"},"datePublished":"2015-01-30T05:33:58+00:00","dateModified":"2015-01-30T05:33:58+00:00","breadcrumb":{"@id":"https:\/\/kosciolpokoju.pl\/de\/kontakt\/#breadcrumb"},"inLanguage":"pl-PL","potentialAction":[{"@type":"ReadAction","target":["https:\/\/kosciolpokoju.pl\/de\/kontakt\/"]}]},{"@type":"BreadcrumbList","@id":"https:\/\/kosciolpokoju.pl\/de\/kontakt\/#breadcrumb","itemListElement":[{"@type":"ListItem","position":1,"name":"Strona g\u0142\u00f3wna","item":"https:\/\/kosciolpokoju.pl\/de\/"},{"@type":"ListItem","position":2,"name":"Kontakt"}]},{"@type":"WebSite","@id":"https:\/\/kosciolpokoju.pl\/de\/#website","url":"https:\/\/kosciolpokoju.pl\/de\/","name":"Ko\u015bci\u00f3\u0142 Pokoju | DE","description":"Najwi\u0119ksza drewniana barokowa \u015bwi\u0105tynia na \u015bwiecie!","potentialAction":[{"@type":"SearchAction","target":{"@type":"EntryPoint","urlTemplate":"https:\/\/kosciolpokoju.pl\/de\/?s={search_term_string}"},"query-input":"required name=search_term_string"}],"inLanguage":"pl-PL"}]}},"_links":{"self":[{"href":"https:\/\/kosciolpokoju.pl\/de\/wp-json\/wp\/v2\/pages\/123"}],"collection":[{"href":"https:\/\/kosciolpokoju.pl\/de\/wp-json\/wp\/v2\/pages"}],"about":[{"href":"https:\/\/kosciolpokoju.pl\/de\/wp-json\/wp\/v2\/types\/page"}],"author":[{"embeddable":true,"href":"https:\/\/kosciolpokoju.pl\/de\/wp-json\/wp\/v2\/users\/1"}],"replies":[{"embeddable":true,"href":"https:\/\/kosciolpokoju.pl\/de\/wp-json\/wp\/v2\/comments?post=123"}],"version-history":[{"count":0,"href":"https:\/\/kosciolpokoju.pl\/de\/wp-json\/wp\/v2\/pages\/123\/revisions"}],"wp:attachment":[{"href":"https:\/\/kosciolpokoju.pl\/de\/wp-json\/wp\/v2\/media?parent=123"}],"curies":[{"name":"wp","href":"https:\/\/api.w.org\/{rel}","templated":true}]}}

<h4><span style="color: #000000"><strong>Kościół Pokoju</strong></span></h4>
<p><strong><span style="color: #000000">Parafia Ewangelicko-Augsburska<br />
pw. św. Trójcy</span></strong><br />
<span style="color: #000000"> plac Pokoju 6 / </span><span style="color: #000000">58-100 Świdnica</span><br />
<span style="color: #000000"> tel./fax +48 74 852 28 14 / </span><span style="color: #000000">tel. +48 603 331 578<br />
<a href="mailto:kosciol@kosciolpokoju.pl">kosciol@kosciolpokoju.pl</a></span></p>
<p><span style="color: #000000">Zapraszamy również na stronę projektu &#8222;Luterańska Enklawa&#8221; </span><span style="color: #000000">&#8211; Obiekt UNESCO, Kościół Pokoju w Świdnicy</span><br />
<a href="https://www.luteranskaenklawa.pl/" target="_blank"><span style="color: #000000">kosciol@kosciolpokoju.pl</span></a></p>

<p>Kościół Pokoju Parafia Ewangelicko-Augsburska pw. św. Trójcy plac Pokoju 6 / 58-100 Świdnica tel./fax +48 74 852 28 14 / tel. +48 603 331 578 kosciol@kosciolpokoju.pl Zapraszamy również na stronę projektu &#8222;Luterańska Enklawa&#8221; &#8211; Obiekt UNESCO, Kościół Pokoju w Świdnicy kosciol@kosciolpokoju.pl</p>

<!-- This site is optimized with the Yoast SEO plugin v20.4 - https://yoast.com/wordpress/plugins/seo/ -->
<title>Kontakt / Kościół Pokoju w Świdnicy</title>
<meta name="robots" content="index, follow, max-snippet:-1, max-image-preview:large, max-video-preview:-1" />
<link rel="canonical" href="https://kosciolpokoju.pl/de/kontakt/" />
<meta property="og:locale" content="pl_PL" />
<meta property="og:type" content="article" />
<meta property="og:title" content="Kontakt / Kościół Pokoju w Świdnicy" />
<meta property="og:description" content="Kościół Pokoju Parafia Ewangelicko-Augsburska pw. św. Trójcy plac Pokoju 6 / 58-100 Świdnica tel./fax +48 74 852 28 14 / tel. +48 603 331 578 kosciol@kosciolpokoju.pl Zapraszamy również na stronę projektu &#8222;Luterańska Enklawa&#8221; &#8211; Obiekt UNESCO, Kościół Pokoju w Świdnicy kosciol@kosciolpokoju.pl" />
<meta property="og:url" content="https://kosciolpokoju.pl/de/kontakt/" />
<meta property="og:site_name" content="Kościół Pokoju | DE" />
<meta name="twitter:card" content="summary_large_image" />
<script type="application/ld+json" class="yoast-schema-graph">{"@context":"https://schema.org","@graph":[{"@type":"WebPage","@id":"https://kosciolpokoju.pl/de/kontakt/","url":"https://kosciolpokoju.pl/de/kontakt/","name":"Kontakt / Kościół Pokoju w Świdnicy","isPartOf":{"@id":"https://kosciolpokoju.pl/de/#website"},"datePublished":"2015-01-30T05:33:58+00:00","dateModified":"2015-01-30T05:33:58+00:00","breadcrumb":{"@id":"https://kosciolpokoju.pl/de/kontakt/#breadcrumb"},"inLanguage":"pl-PL","potentialAction":[{"@type":"ReadAction","target":["https://kosciolpokoju.pl/de/kontakt/"]}]},{"@type":"BreadcrumbList","@id":"https://kosciolpokoju.pl/de/kontakt/#breadcrumb","itemListElement":[{"@type":"ListItem","position":1,"name":"Strona główna","item":"https://kosciolpokoju.pl/de/"},{"@type":"ListItem","position":2,"name":"Kontakt"}]},{"@type":"WebSite","@id":"https://kosciolpokoju.pl/de/#website","url":"https://kosciolpokoju.pl/de/","name":"Kościół Pokoju | DE","description":"Największa drewniana barokowa świątynia na świecie!","potentialAction":[{"@type":"SearchAction","target":{"@type":"EntryPoint","urlTemplate":"https://kosciolpokoju.pl/de/?s={search_term_string}"},"query-input":"required name=search_term_string"}],"inLanguage":"pl-PL"}]}</script>
<!-- / Yoast SEO plugin. -->

Kontakt / Kościół Pokoju w Świdnicy

Kościół Pokoju Parafia Ewangelicko-Augsburska pw. św. Trójcy plac Pokoju 6 / 58-100 Świdnica tel./fax +48 74 852 28 14 / tel. +48 603 331 578 kosciol@kosciolpokoju.pl Zapraszamy również na stronę projektu &#8222;Luterańska Enklawa&#8221; &#8211; Obiekt UNESCO, Kościół Pokoju w Świdnicy kosciol@kosciolpokoju.pl

Kościół Pokoju | DE

Strona główna

Największa drewniana barokowa świątynia na świecie!
