{"id":1525,"date":"2015-10-14T21:35:01","date_gmt":"2015-10-14T21:35:01","guid":{"rendered":"http:\/\/kp.janwizerunek.pl\/?page_id=1525"},"modified":"2015-10-14T21:35:01","modified_gmt":"2015-10-14T21:35:01","slug":"pliki-do-pobrania","status":"publish","type":"page","link":"https:\/\/kosciolpokoju.pl\/de\/pliki-do-pobrania\/","title":{"rendered":"Pliki do pobrania"},"content":{"rendered":"<h3>Paczka logotyp\u00f3w<\/h3>\n<p>Ko\u015bci\u00f3\u0142 Pokoju logo (wersja pionowa, pozioma) \/ archiwum ZIP<br \/>\n<span style=\"color: #999999\">AI (Adobe Illustrator) \/ PDF (Adobe Reader) \/ PNG (dowolny program graficzny)<\/span><br \/>\n<a href=\"https:\/\/kp.janwizerunek.pl\/wp-content\/uploads\/2015\/10\/KP_logo_paczka.zip\">Pobierz &gt;<\/a><\/p>\n<h3>Paczka fotografii<\/h3>\n<p>26 fotografii \/ archiwum ZIP \/ 57 MB<br \/>\n<span style=\"color: #999999\">300 dpi, CMYK i RGB \/ Fot. Bo\u017cena Pytel<\/span><br \/>\n<a href=\"\/download\/KP_FOTO.zip\"> Pobierz &gt;<\/a><\/p>\n","protected":false},"excerpt":{"rendered":"<p>Paczka logotyp\u00f3w Ko\u015bci\u00f3\u0142 Pokoju logo (wersja pionowa, pozioma) \/ archiwum ZIP AI (Adobe Illustrator) \/ PDF (Adobe Reader) \/ PNG (dowolny program graficzny) Pobierz &gt; Paczka fotografii 26 fotografii \/ archiwum ZIP \/ 57 MB 300 dpi, CMYK i RGB \/ Fot. Bo\u017cena Pytel Pobierz &gt;<\/p>\n","protected":false},"author":1,"featured_media":0,"parent":0,"menu_order":0,"comment_status":"closed","ping_status":"closed","template":"","meta":{"footnotes":""},"yoast_head":"<!-- This site is optimized with the Yoast SEO plugin v20.4 - https:\/\/yoast.com\/wordpress\/plugins\/seo\/ -->\n<title>Pliki do pobrania \/ Ko\u015bci\u00f3\u0142 Pokoju w \u015awidnicy<\/title>\n<meta name=\"description\" content=\"Pliki do pobrania dla medi\u00f3w - logotypy, zdj\u0119cia - zapraszamy!\" \/>\n<meta name=\"robots\" content=\"index, follow, max-snippet:-1, max-image-preview:large, max-video-preview:-1\" \/>\n<link rel=\"canonical\" href=\"https:\/\/kosciolpokoju.pl\/de\/pliki-do-pobrania\/\" \/>\n<meta property=\"og:locale\" content=\"pl_PL\" \/>\n<meta property=\"og:type\" content=\"article\" \/>\n<meta property=\"og:title\" content=\"Pliki do pobrania \/ Ko\u015bci\u00f3\u0142 Pokoju w \u015awidnicy\" \/>\n<meta property=\"og:description\" content=\"Pliki do pobrania dla medi\u00f3w - logotypy, zdj\u0119cia - zapraszamy!\" \/>\n<meta property=\"og:url\" content=\"https:\/\/kosciolpokoju.pl\/de\/pliki-do-pobrania\/\" \/>\n<meta property=\"og:site_name\" content=\"Ko\u015bci\u00f3\u0142 Pokoju | DE\" \/>\n<meta name=\"twitter:card\" content=\"summary_large_image\" \/>\n<script type=\"application\/ld+json\" class=\"yoast-schema-graph\">{\"@context\":\"https:\/\/schema.org\",\"@graph\":[{\"@type\":\"WebPage\",\"@id\":\"https:\/\/kosciolpokoju.pl\/de\/pliki-do-pobrania\/\",\"url\":\"https:\/\/kosciolpokoju.pl\/de\/pliki-do-pobrania\/\",\"name\":\"Pliki do pobrania \/ Ko\u015bci\u00f3\u0142 Pokoju w \u015awidnicy\",\"isPartOf\":{\"@id\":\"https:\/\/kosciolpokoju.pl\/de\/#website\"},\"datePublished\":\"2015-10-14T21:35:01+00:00\",\"dateModified\":\"2015-10-14T21:35:01+00:00\",\"description\":\"Pliki do pobrania dla medi\u00f3w - logotypy, zdj\u0119cia - zapraszamy!\",\"breadcrumb\":{\"@id\":\"https:\/\/kosciolpokoju.pl\/de\/pliki-do-pobrania\/#breadcrumb\"},\"inLanguage\":\"pl-PL\",\"potentialAction\":[{\"@type\":\"ReadAction\",\"target\":[\"https:\/\/kosciolpokoju.pl\/de\/pliki-do-pobrania\/\"]}]},{\"@type\":\"BreadcrumbList\",\"@id\":\"https:\/\/kosciolpokoju.pl\/de\/pliki-do-pobrania\/#breadcrumb\",\"itemListElement\":[{\"@type\":\"ListItem\",\"position\":1,\"name\":\"Strona g\u0142\u00f3wna\",\"item\":\"https:\/\/kosciolpokoju.pl\/de\/\"},{\"@type\":\"ListItem\",\"position\":2,\"name\":\"Pliki do pobrania\"}]},{\"@type\":\"WebSite\",\"@id\":\"https:\/\/kosciolpokoju.pl\/de\/#website\",\"url\":\"https:\/\/kosciolpokoju.pl\/de\/\",\"name\":\"Ko\u015bci\u00f3\u0142 Pokoju | DE\",\"description\":\"Najwi\u0119ksza drewniana barokowa \u015bwi\u0105tynia na \u015bwiecie!\",\"potentialAction\":[{\"@type\":\"SearchAction\",\"target\":{\"@type\":\"EntryPoint\",\"urlTemplate\":\"https:\/\/kosciolpokoju.pl\/de\/?s={search_term_string}\"},\"query-input\":\"required name=search_term_string\"}],\"inLanguage\":\"pl-PL\"}]}<\/script>\n<!-- \/ Yoast SEO plugin. -->","yoast_head_json":{"title":"Pliki do pobrania \/ Ko\u015bci\u00f3\u0142 Pokoju w \u015awidnicy","description":"Pliki do pobrania dla medi\u00f3w - logotypy, zdj\u0119cia - zapraszamy!","robots":{"index":"index","follow":"follow","max-snippet":"max-snippet:-1","max-image-preview":"max-image-preview:large","max-video-preview":"max-video-preview:-1"},"canonical":"https:\/\/kosciolpokoju.pl\/de\/pliki-do-pobrania\/","og_locale":"pl_PL","og_type":"article","og_title":"Pliki do pobrania \/ Ko\u015bci\u00f3\u0142 Pokoju w \u015awidnicy","og_description":"Pliki do pobrania dla medi\u00f3w - logotypy, zdj\u0119cia - zapraszamy!","og_url":"https:\/\/kosciolpokoju.pl\/de\/pliki-do-pobrania\/","og_site_name":"Ko\u015bci\u00f3\u0142 Pokoju | DE","twitter_card":"summary_large_image","schema":{"@context":"https:\/\/schema.org","@graph":[{"@type":"WebPage","@id":"https:\/\/kosciolpokoju.pl\/de\/pliki-do-pobrania\/","url":"https:\/\/kosciolpokoju.pl\/de\/pliki-do-pobrania\/","name":"Pliki do pobrania \/ Ko\u015bci\u00f3\u0142 Pokoju w \u015awidnicy","isPartOf":{"@id":"https:\/\/kosciolpokoju.pl\/de\/#website"},"datePublished":"2015-10-14T21:35:01+00:00","dateModified":"2015-10-14T21:35:01+00:00","description":"Pliki do pobrania dla medi\u00f3w - logotypy, zdj\u0119cia - zapraszamy!","breadcrumb":{"@id":"https:\/\/kosciolpokoju.pl\/de\/pliki-do-pobrania\/#breadcrumb"},"inLanguage":"pl-PL","potentialAction":[{"@type":"ReadAction","target":["https:\/\/kosciolpokoju.pl\/de\/pliki-do-pobrania\/"]}]},{"@type":"BreadcrumbList","@id":"https:\/\/kosciolpokoju.pl\/de\/pliki-do-pobrania\/#breadcrumb","itemListElement":[{"@type":"ListItem","position":1,"name":"Strona g\u0142\u00f3wna","item":"https:\/\/kosciolpokoju.pl\/de\/"},{"@type":"ListItem","position":2,"name":"Pliki do pobrania"}]},{"@type":"WebSite","@id":"https:\/\/kosciolpokoju.pl\/de\/#website","url":"https:\/\/kosciolpokoju.pl\/de\/","name":"Ko\u015bci\u00f3\u0142 Pokoju | DE","description":"Najwi\u0119ksza drewniana barokowa \u015bwi\u0105tynia na \u015bwiecie!","potentialAction":[{"@type":"SearchAction","target":{"@type":"EntryPoint","urlTemplate":"https:\/\/kosciolpokoju.pl\/de\/?s={search_term_string}"},"query-input":"required name=search_term_string"}],"inLanguage":"pl-PL"}]}},"_links":{"self":[{"href":"https:\/\/kosciolpokoju.pl\/de\/wp-json\/wp\/v2\/pages\/1525"}],"collection":[{"href":"https:\/\/kosciolpokoju.pl\/de\/wp-json\/wp\/v2\/pages"}],"about":[{"href":"https:\/\/kosciolpokoju.pl\/de\/wp-json\/wp\/v2\/types\/page"}],"author":[{"embeddable":true,"href":"https:\/\/kosciolpokoju.pl\/de\/wp-json\/wp\/v2\/users\/1"}],"replies":[{"embeddable":true,"href":"https:\/\/kosciolpokoju.pl\/de\/wp-json\/wp\/v2\/comments?post=1525"}],"version-history":[{"count":0,"href":"https:\/\/kosciolpokoju.pl\/de\/wp-json\/wp\/v2\/pages\/1525\/revisions"}],"wp:attachment":[{"href":"https:\/\/kosciolpokoju.pl\/de\/wp-json\/wp\/v2\/media?parent=1525"}],"curies":[{"name":"wp","href":"https:\/\/api.w.org\/{rel}","templated":true}]}}

<h3>Paczka logotypów</h3>
<p>Kościół Pokoju logo (wersja pionowa, pozioma) / archiwum ZIP<br />
<span style="color: #999999">AI (Adobe Illustrator) / PDF (Adobe Reader) / PNG (dowolny program graficzny)</span><br />
<a href="https://kp.janwizerunek.pl/wp-content/uploads/2015/10/KP_logo_paczka.zip">Pobierz &gt;</a></p>
<h3>Paczka fotografii</h3>
<p>26 fotografii / archiwum ZIP / 57 MB<br />
<span style="color: #999999">300 dpi, CMYK i RGB / Fot. Bożena Pytel</span><br />
<a href="/download/KP_FOTO.zip"> Pobierz &gt;</a></p>

<p>Paczka logotypów Kościół Pokoju logo (wersja pionowa, pozioma) / archiwum ZIP AI (Adobe Illustrator) / PDF (Adobe Reader) / PNG (dowolny program graficzny) Pobierz &gt; Paczka fotografii 26 fotografii / archiwum ZIP / 57 MB 300 dpi, CMYK i RGB / Fot. Bożena Pytel Pobierz &gt;</p>

<!-- This site is optimized with the Yoast SEO plugin v20.4 - https://yoast.com/wordpress/plugins/seo/ -->
<title>Pliki do pobrania / Kościół Pokoju w Świdnicy</title>
<meta name="description" content="Pliki do pobrania dla mediów - logotypy, zdjęcia - zapraszamy!" />
<meta name="robots" content="index, follow, max-snippet:-1, max-image-preview:large, max-video-preview:-1" />
<link rel="canonical" href="https://kosciolpokoju.pl/de/pliki-do-pobrania/" />
<meta property="og:locale" content="pl_PL" />
<meta property="og:type" content="article" />
<meta property="og:title" content="Pliki do pobrania / Kościół Pokoju w Świdnicy" />
<meta property="og:description" content="Pliki do pobrania dla mediów - logotypy, zdjęcia - zapraszamy!" />
<meta property="og:url" content="https://kosciolpokoju.pl/de/pliki-do-pobrania/" />
<meta property="og:site_name" content="Kościół Pokoju | DE" />
<meta name="twitter:card" content="summary_large_image" />
<script type="application/ld+json" class="yoast-schema-graph">{"@context":"https://schema.org","@graph":[{"@type":"WebPage","@id":"https://kosciolpokoju.pl/de/pliki-do-pobrania/","url":"https://kosciolpokoju.pl/de/pliki-do-pobrania/","name":"Pliki do pobrania / Kościół Pokoju w Świdnicy","isPartOf":{"@id":"https://kosciolpokoju.pl/de/#website"},"datePublished":"2015-10-14T21:35:01+00:00","dateModified":"2015-10-14T21:35:01+00:00","description":"Pliki do pobrania dla mediów - logotypy, zdjęcia - zapraszamy!","breadcrumb":{"@id":"https://kosciolpokoju.pl/de/pliki-do-pobrania/#breadcrumb"},"inLanguage":"pl-PL","potentialAction":[{"@type":"ReadAction","target":["https://kosciolpokoju.pl/de/pliki-do-pobrania/"]}]},{"@type":"BreadcrumbList","@id":"https://kosciolpokoju.pl/de/pliki-do-pobrania/#breadcrumb","itemListElement":[{"@type":"ListItem","position":1,"name":"Strona główna","item":"https://kosciolpokoju.pl/de/"},{"@type":"ListItem","position":2,"name":"Pliki do pobrania"}]},{"@type":"WebSite","@id":"https://kosciolpokoju.pl/de/#website","url":"https://kosciolpokoju.pl/de/","name":"Kościół Pokoju | DE","description":"Największa drewniana barokowa świątynia na świecie!","potentialAction":[{"@type":"SearchAction","target":{"@type":"EntryPoint","urlTemplate":"https://kosciolpokoju.pl/de/?s={search_term_string}"},"query-input":"required name=search_term_string"}],"inLanguage":"pl-PL"}]}</script>
<!-- / Yoast SEO plugin. -->

Pliki do pobrania / Kościół Pokoju w Świdnicy

Pliki do pobrania dla mediów - logotypy, zdjęcia - zapraszamy!

Kościół Pokoju | DE

Strona główna

Największa drewniana barokowa świątynia na świecie!
