{"id":579,"date":"2015-10-05T21:20:45","date_gmt":"2015-10-05T21:20:45","guid":{"rendered":"http:\/\/kp.janwizerunek.pl\/?page_id=579"},"modified":"2015-10-05T21:20:45","modified_gmt":"2015-10-05T21:20:45","slug":"zwiedzanie","status":"publish","type":"page","link":"https:\/\/kosciolpokoju.pl\/de\/zwiedzanie\/","title":{"rendered":"Zwiedzanie"},"content":{"rendered":"<h3 style=\"text-align: center\"><span style=\"color: #000000\">Ko\u015bci\u00f3\u0142 Pokoju pw. \u015bw. Tr\u00f3jcy w \u015awidnicy<\/span><\/h3>\n<p style=\"text-align: center\"><span style=\"color: #000000\">Proboszcz &#8211; ks. Waldemar Pytel, biskup diecezji wroc\u0142awskiej Ko\u015bcio\u0142a Ewangelicko-Augsburskiego w Polsce.<br \/>\nNabo\u017ce\u0144stwa odbywaj\u0105 si\u0119 w niedziele o godz. 10.<\/span><\/p>\n<p style=\"text-align: center\"><strong><span style=\"color: #000000\">Zwiedzanie:<\/span><\/strong><br \/>\n<span style=\"color: #000000\"><strong> kwiecie\u0144 &#8211; pa\u017adziernik<\/strong> (poniedzia\u0142ek- sobota) &#8211; godz. 9.00-18.00, (niedziela) &#8211; godz.11.30-18.00<\/span><br \/>\n<span style=\"color: #000000\"><strong>listopad &#8211; marzec<\/strong>, zwiedzanie po rezerwacji, tel.: + 48 74 852 28 14 lub 603 331 578, dla grup od czterech os\u00f3b (poni\u017cej tej liczby odp\u0142atno\u015b\u0107 40 z\u0142).<\/span><\/p>\n<p><span style=\"color: #000000\">Bilety: 10 z\u0142, 5 z\u0142 (studenci i dzieci), 8z\u0142\/os (grupa powy\u017cej 25 os\u00f3b). Obiekt jest przystosowany dla os\u00f3b na w\u00f3zkach.\u00a0 Zwiedzanie ko\u015bcio\u0142a, wraz z wys\u0142uchaniem nagrania lektora, zajmuje oko\u0142o 40 min. Zwiedzanie ca\u0142ego placu Pokoju ok. 1-2 godz.\u00a0 W Domu Dzwonnika zapraszamy na bezp\u0142atn\u0105 wystaw\u0119 \u201eWiara jak serce ze spi\u017cu. Skarby Ko\u015bcio\u0142a Pokoju w \u015awidnicy.\u201d Ekspozycja po raz pierwszy pokazuje przedmioty zwi\u0105zane z ko\u015bcio\u0142em lutera\u0144skim, na przestrzeni kilku wiek\u00f3w: r\u0119kopisy, Biblie sprzed 350 lat, obrazy, barokowe naczynia liturgiczne, portrety pastor\u00f3w, zbiory modlitw, epitafia. Ze wzgl\u0119du na ich warto\u015b\u0107, dot\u0105d mieli do nich dost\u0119p tylko naukowcy i konserwatorzy. Teraz mog\u0105 je obejrze\u0107 wszyscy zainteresowani.<\/span><\/p>\n<h3 style=\"text-align: center\"><span style=\"color: #000000\">Zapraszamy r\u00f3wnie\u017c do Baroccafe na regionalne specja\u0142y.<\/span><\/h3>\n","protected":false},"excerpt":{"rendered":"<p>Ko\u015bci\u00f3\u0142 Pokoju pw. \u015bw. Tr\u00f3jcy w \u015awidnicy Proboszcz &#8211; ks. Waldemar Pytel, biskup diecezji wroc\u0142awskiej Ko\u015bcio\u0142a Ewangelicko-Augsburskiego w Polsce. Nabo\u017ce\u0144stwa odbywaj\u0105 si\u0119 w niedziele o godz. 10. Zwiedzanie: kwiecie\u0144 &#8211; pa\u017adziernik (poniedzia\u0142ek- sobota) &#8211; godz. 9.00-18.00, (niedziela) &#8211; godz.11.30-18.00 listopad &#8211; marzec, zwiedzanie po rezerwacji, tel.: + 48 74 852 28 14 lub 603 331 578, dla grup od czterech os\u00f3b (poni\u017cej tej liczby odp\u0142atno\u015b\u0107 40 z\u0142). Bilety: 10 z\u0142, 5 z\u0142 (studenci i dzieci), 8z\u0142\/os (grupa powy\u017cej 25 os\u00f3b). Obiekt jest przystosowany dla os\u00f3b na w\u00f3zkach.\u00a0 Zwiedzanie ko\u015bcio\u0142a, wraz z wys\u0142uchaniem nagrania lektora, zajmuje oko\u0142o 40 min. Zwiedzanie ca\u0142ego placu Pokoju ok. 1-2 godz.\u00a0 W Domu Dzwonnika zapraszamy na bezp\u0142atn\u0105 wystaw\u0119 \u201eWiara jak serce ze spi\u017cu. Skarby Ko\u015bcio\u0142a Pokoju w \u015awidnicy.\u201d Ekspozycja po raz pierwszy pokazuje przedmioty zwi\u0105zane z ko\u015bcio\u0142em lutera\u0144skim, na przestrzeni kilku wiek\u00f3w: r\u0119kopisy, Biblie sprzed 350 lat, obrazy, barokowe naczynia liturgiczne, portrety pastor\u00f3w, zbiory modlitw, epitafia. Ze wzgl\u0119du na ich warto\u015b\u0107, dot\u0105d mieli do nich dost\u0119p tylko naukowcy i konserwatorzy. Teraz mog\u0105 je obejrze\u0107 wszyscy zainteresowani. Zapraszamy r\u00f3wnie\u017c do Baroccafe na regionalne specja\u0142y.<\/p>\n","protected":false},"author":1,"featured_media":587,"parent":0,"menu_order":0,"comment_status":"closed","ping_status":"closed","template":"","meta":{"footnotes":""},"yoast_head":"<!-- This site is optimized with the Yoast SEO plugin v20.4 - https:\/\/yoast.com\/wordpress\/plugins\/seo\/ -->\n<title>Zwiedzanie \/ Ko\u015bci\u00f3\u0142 Pokoju w \u015awidnicy<\/title>\n<meta name=\"description\" content=\"kwiecie\u0144 - pa\u017adziernik - godz. 9.00-18.00, (niedziela) - godz.11.30-18.00 \/ listopad - marzec, zwiedzanie po rezerwacji, tel.: + 48 74 852 28 14\" \/>\n<meta name=\"robots\" content=\"index, follow, max-snippet:-1, max-image-preview:large, max-video-preview:-1\" \/>\n<link rel=\"canonical\" href=\"https:\/\/kosciolpokoju.pl\/de\/zwiedzanie\/\" \/>\n<meta property=\"og:locale\" content=\"pl_PL\" \/>\n<meta property=\"og:type\" content=\"article\" \/>\n<meta property=\"og:title\" content=\"Zwiedzanie \/ Ko\u015bci\u00f3\u0142 Pokoju w \u015awidnicy\" \/>\n<meta property=\"og:description\" content=\"kwiecie\u0144 - pa\u017adziernik - godz. 9.00-18.00, (niedziela) - godz.11.30-18.00 \/ listopad - marzec, zwiedzanie po rezerwacji, tel.: + 48 74 852 28 14\" \/>\n<meta property=\"og:url\" content=\"https:\/\/kosciolpokoju.pl\/de\/zwiedzanie\/\" \/>\n<meta property=\"og:site_name\" content=\"Ko\u015bci\u00f3\u0142 Pokoju | DE\" \/>\n<meta property=\"og:image\" content=\"https:\/\/kosciolpokoju.pl\/de\/wp-content\/uploads\/sites\/3\/2015\/10\/bach_p_2014_JZ_20.jpg\" \/>\n\t<meta property=\"og:image:width\" content=\"1200\" \/>\n\t<meta property=\"og:image:height\" content=\"800\" \/>\n\t<meta property=\"og:image:type\" content=\"image\/jpeg\" \/>\n<meta name=\"twitter:card\" content=\"summary_large_image\" \/>\n<meta name=\"twitter:label1\" content=\"Szacowany czas czytania\" \/>\n\t<meta name=\"twitter:data1\" content=\"1 minuta\" \/>\n<script type=\"application\/ld+json\" class=\"yoast-schema-graph\">{\"@context\":\"https:\/\/schema.org\",\"@graph\":[{\"@type\":\"WebPage\",\"@id\":\"https:\/\/kosciolpokoju.pl\/de\/zwiedzanie\/\",\"url\":\"https:\/\/kosciolpokoju.pl\/de\/zwiedzanie\/\",\"name\":\"Zwiedzanie \/ Ko\u015bci\u00f3\u0142 Pokoju w \u015awidnicy\",\"isPartOf\":{\"@id\":\"https:\/\/kosciolpokoju.pl\/de\/#website\"},\"datePublished\":\"2015-10-05T21:20:45+00:00\",\"dateModified\":\"2015-10-05T21:20:45+00:00\",\"description\":\"kwiecie\u0144 - pa\u017adziernik - godz. 9.00-18.00, (niedziela) - godz.11.30-18.00 \/ listopad - marzec, zwiedzanie po rezerwacji, tel.: + 48 74 852 28 14\",\"breadcrumb\":{\"@id\":\"https:\/\/kosciolpokoju.pl\/de\/zwiedzanie\/#breadcrumb\"},\"inLanguage\":\"pl-PL\",\"potentialAction\":[{\"@type\":\"ReadAction\",\"target\":[\"https:\/\/kosciolpokoju.pl\/de\/zwiedzanie\/\"]}]},{\"@type\":\"BreadcrumbList\",\"@id\":\"https:\/\/kosciolpokoju.pl\/de\/zwiedzanie\/#breadcrumb\",\"itemListElement\":[{\"@type\":\"ListItem\",\"position\":1,\"name\":\"Strona g\u0142\u00f3wna\",\"item\":\"https:\/\/kosciolpokoju.pl\/de\/\"},{\"@type\":\"ListItem\",\"position\":2,\"name\":\"Zwiedzanie\"}]},{\"@type\":\"WebSite\",\"@id\":\"https:\/\/kosciolpokoju.pl\/de\/#website\",\"url\":\"https:\/\/kosciolpokoju.pl\/de\/\",\"name\":\"Ko\u015bci\u00f3\u0142 Pokoju | DE\",\"description\":\"Najwi\u0119ksza drewniana barokowa \u015bwi\u0105tynia na \u015bwiecie!\",\"potentialAction\":[{\"@type\":\"SearchAction\",\"target\":{\"@type\":\"EntryPoint\",\"urlTemplate\":\"https:\/\/kosciolpokoju.pl\/de\/?s={search_term_string}\"},\"query-input\":\"required name=search_term_string\"}],\"inLanguage\":\"pl-PL\"}]}<\/script>\n<!-- \/ Yoast SEO plugin. -->","yoast_head_json":{"title":"Zwiedzanie \/ Ko\u015bci\u00f3\u0142 Pokoju w \u015awidnicy","description":"kwiecie\u0144 - pa\u017adziernik - godz. 9.00-18.00, (niedziela) - godz.11.30-18.00 \/ listopad - marzec, zwiedzanie po rezerwacji, tel.: + 48 74 852 28 14","robots":{"index":"index","follow":"follow","max-snippet":"max-snippet:-1","max-image-preview":"max-image-preview:large","max-video-preview":"max-video-preview:-1"},"canonical":"https:\/\/kosciolpokoju.pl\/de\/zwiedzanie\/","og_locale":"pl_PL","og_type":"article","og_title":"Zwiedzanie \/ Ko\u015bci\u00f3\u0142 Pokoju w \u015awidnicy","og_description":"kwiecie\u0144 - pa\u017adziernik - godz. 9.00-18.00, (niedziela) - godz.11.30-18.00 \/ listopad - marzec, zwiedzanie po rezerwacji, tel.: + 48 74 852 28 14","og_url":"https:\/\/kosciolpokoju.pl\/de\/zwiedzanie\/","og_site_name":"Ko\u015bci\u00f3\u0142 Pokoju | DE","og_image":[{"width":1200,"height":800,"url":"https:\/\/kosciolpokoju.pl\/de\/wp-content\/uploads\/sites\/3\/2015\/10\/bach_p_2014_JZ_20.jpg","type":"image\/jpeg"}],"twitter_card":"summary_large_image","twitter_misc":{"Szacowany czas czytania":"1 minuta"},"schema":{"@context":"https:\/\/schema.org","@graph":[{"@type":"WebPage","@id":"https:\/\/kosciolpokoju.pl\/de\/zwiedzanie\/","url":"https:\/\/kosciolpokoju.pl\/de\/zwiedzanie\/","name":"Zwiedzanie \/ Ko\u015bci\u00f3\u0142 Pokoju w \u015awidnicy","isPartOf":{"@id":"https:\/\/kosciolpokoju.pl\/de\/#website"},"datePublished":"2015-10-05T21:20:45+00:00","dateModified":"2015-10-05T21:20:45+00:00","description":"kwiecie\u0144 - pa\u017adziernik - godz. 9.00-18.00, (niedziela) - godz.11.30-18.00 \/ listopad - marzec, zwiedzanie po rezerwacji, tel.: + 48 74 852 28 14","breadcrumb":{"@id":"https:\/\/kosciolpokoju.pl\/de\/zwiedzanie\/#breadcrumb"},"inLanguage":"pl-PL","potentialAction":[{"@type":"ReadAction","target":["https:\/\/kosciolpokoju.pl\/de\/zwiedzanie\/"]}]},{"@type":"BreadcrumbList","@id":"https:\/\/kosciolpokoju.pl\/de\/zwiedzanie\/#breadcrumb","itemListElement":[{"@type":"ListItem","position":1,"name":"Strona g\u0142\u00f3wna","item":"https:\/\/kosciolpokoju.pl\/de\/"},{"@type":"ListItem","position":2,"name":"Zwiedzanie"}]},{"@type":"WebSite","@id":"https:\/\/kosciolpokoju.pl\/de\/#website","url":"https:\/\/kosciolpokoju.pl\/de\/","name":"Ko\u015bci\u00f3\u0142 Pokoju | DE","description":"Najwi\u0119ksza drewniana barokowa \u015bwi\u0105tynia na \u015bwiecie!","potentialAction":[{"@type":"SearchAction","target":{"@type":"EntryPoint","urlTemplate":"https:\/\/kosciolpokoju.pl\/de\/?s={search_term_string}"},"query-input":"required name=search_term_string"}],"inLanguage":"pl-PL"}]}},"_links":{"self":[{"href":"https:\/\/kosciolpokoju.pl\/de\/wp-json\/wp\/v2\/pages\/579"}],"collection":[{"href":"https:\/\/kosciolpokoju.pl\/de\/wp-json\/wp\/v2\/pages"}],"about":[{"href":"https:\/\/kosciolpokoju.pl\/de\/wp-json\/wp\/v2\/types\/page"}],"author":[{"embeddable":true,"href":"https:\/\/kosciolpokoju.pl\/de\/wp-json\/wp\/v2\/users\/1"}],"replies":[{"embeddable":true,"href":"https:\/\/kosciolpokoju.pl\/de\/wp-json\/wp\/v2\/comments?post=579"}],"version-history":[{"count":0,"href":"https:\/\/kosciolpokoju.pl\/de\/wp-json\/wp\/v2\/pages\/579\/revisions"}],"wp:featuredmedia":[{"embeddable":true,"href":"https:\/\/kosciolpokoju.pl\/de\/wp-json\/wp\/v2\/media\/587"}],"wp:attachment":[{"href":"https:\/\/kosciolpokoju.pl\/de\/wp-json\/wp\/v2\/media?parent=579"}],"curies":[{"name":"wp","href":"https:\/\/api.w.org\/{rel}","templated":true}]}}

<h3 style="text-align: center"><span style="color: #000000">Kościół Pokoju pw. św. Trójcy w Świdnicy</span></h3>
<p style="text-align: center"><span style="color: #000000">Proboszcz &#8211; ks. Waldemar Pytel, biskup diecezji wrocławskiej Kościoła Ewangelicko-Augsburskiego w Polsce.<br />
Nabożeństwa odbywają się w niedziele o godz. 10.</span></p>
<p style="text-align: center"><strong><span style="color: #000000">Zwiedzanie:</span></strong><br />
<span style="color: #000000"><strong> kwiecień &#8211; październik</strong> (poniedziałek- sobota) &#8211; godz. 9.00-18.00, (niedziela) &#8211; godz.11.30-18.00</span><br />
<span style="color: #000000"><strong>listopad &#8211; marzec</strong>, zwiedzanie po rezerwacji, tel.: + 48 74 852 28 14 lub 603 331 578, dla grup od czterech osób (poniżej tej liczby odpłatność 40 zł).</span></p>
<p><span style="color: #000000">Bilety: 10 zł, 5 zł (studenci i dzieci), 8zł/os (grupa powyżej 25 osób). Obiekt jest przystosowany dla osób na wózkach.  Zwiedzanie kościoła, wraz z wysłuchaniem nagrania lektora, zajmuje około 40 min. Zwiedzanie całego placu Pokoju ok. 1-2 godz.  W Domu Dzwonnika zapraszamy na bezpłatną wystawę „Wiara jak serce ze spiżu. Skarby Kościoła Pokoju w Świdnicy.” Ekspozycja po raz pierwszy pokazuje przedmioty związane z kościołem luterańskim, na przestrzeni kilku wieków: rękopisy, Biblie sprzed 350 lat, obrazy, barokowe naczynia liturgiczne, portrety pastorów, zbiory modlitw, epitafia. Ze względu na ich wartość, dotąd mieli do nich dostęp tylko naukowcy i konserwatorzy. Teraz mogą je obejrzeć wszyscy zainteresowani.</span></p>
<h3 style="text-align: center"><span style="color: #000000">Zapraszamy również do Baroccafe na regionalne specjały.</span></h3>

<p>Kościół Pokoju pw. św. Trójcy w Świdnicy Proboszcz &#8211; ks. Waldemar Pytel, biskup diecezji wrocławskiej Kościoła Ewangelicko-Augsburskiego w Polsce. Nabożeństwa odbywają się w niedziele o godz. 10. Zwiedzanie: kwiecień &#8211; październik (poniedziałek- sobota) &#8211; godz. 9.00-18.00, (niedziela) &#8211; godz.11.30-18.00 listopad &#8211; marzec, zwiedzanie po rezerwacji, tel.: + 48 74 852 28 14 lub 603 331 578, dla grup od czterech osób (poniżej tej liczby odpłatność 40 zł). Bilety: 10 zł, 5 zł (studenci i dzieci), 8zł/os (grupa powyżej 25 osób). Obiekt jest przystosowany dla osób na wózkach.  Zwiedzanie kościoła, wraz z wysłuchaniem nagrania lektora, zajmuje około 40 min. Zwiedzanie całego placu Pokoju ok. 1-2 godz.  W Domu Dzwonnika zapraszamy na bezpłatną wystawę „Wiara jak serce ze spiżu. Skarby Kościoła Pokoju w Świdnicy.” Ekspozycja po raz pierwszy pokazuje przedmioty związane z kościołem luterańskim, na przestrzeni kilku wieków: rękopisy, Biblie sprzed 350 lat, obrazy, barokowe naczynia liturgiczne, portrety pastorów, zbiory modlitw, epitafia. Ze względu na ich wartość, dotąd mieli do nich dostęp tylko naukowcy i konserwatorzy. Teraz mogą je obejrzeć wszyscy zainteresowani. Zapraszamy również do Baroccafe na regionalne specjały.</p>

<!-- This site is optimized with the Yoast SEO plugin v20.4 - https://yoast.com/wordpress/plugins/seo/ -->
<title>Zwiedzanie / Kościół Pokoju w Świdnicy</title>
<meta name="description" content="kwiecień - październik - godz. 9.00-18.00, (niedziela) - godz.11.30-18.00 / listopad - marzec, zwiedzanie po rezerwacji, tel.: + 48 74 852 28 14" />
<meta name="robots" content="index, follow, max-snippet:-1, max-image-preview:large, max-video-preview:-1" />
<link rel="canonical" href="https://kosciolpokoju.pl/de/zwiedzanie/" />
<meta property="og:locale" content="pl_PL" />
<meta property="og:type" content="article" />
<meta property="og:title" content="Zwiedzanie / Kościół Pokoju w Świdnicy" />
<meta property="og:description" content="kwiecień - październik - godz. 9.00-18.00, (niedziela) - godz.11.30-18.00 / listopad - marzec, zwiedzanie po rezerwacji, tel.: + 48 74 852 28 14" />
<meta property="og:url" content="https://kosciolpokoju.pl/de/zwiedzanie/" />
<meta property="og:site_name" content="Kościół Pokoju | DE" />
<meta property="og:image" content="https://kosciolpokoju.pl/de/wp-content/uploads/sites/3/2015/10/bach_p_2014_JZ_20.jpg" />
	<meta property="og:image:width" content="1200" />
	<meta property="og:image:height" content="800" />
	<meta property="og:image:type" content="image/jpeg" />
<meta name="twitter:card" content="summary_large_image" />
<meta name="twitter:label1" content="Szacowany czas czytania" />
	<meta name="twitter:data1" content="1 minuta" />
<script type="application/ld+json" class="yoast-schema-graph">{"@context":"https://schema.org","@graph":[{"@type":"WebPage","@id":"https://kosciolpokoju.pl/de/zwiedzanie/","url":"https://kosciolpokoju.pl/de/zwiedzanie/","name":"Zwiedzanie / Kościół Pokoju w Świdnicy","isPartOf":{"@id":"https://kosciolpokoju.pl/de/#website"},"datePublished":"2015-10-05T21:20:45+00:00","dateModified":"2015-10-05T21:20:45+00:00","description":"kwiecień - październik - godz. 9.00-18.00, (niedziela) - godz.11.30-18.00 / listopad - marzec, zwiedzanie po rezerwacji, tel.: + 48 74 852 28 14","breadcrumb":{"@id":"https://kosciolpokoju.pl/de/zwiedzanie/#breadcrumb"},"inLanguage":"pl-PL","potentialAction":[{"@type":"ReadAction","target":["https://kosciolpokoju.pl/de/zwiedzanie/"]}]},{"@type":"BreadcrumbList","@id":"https://kosciolpokoju.pl/de/zwiedzanie/#breadcrumb","itemListElement":[{"@type":"ListItem","position":1,"name":"Strona główna","item":"https://kosciolpokoju.pl/de/"},{"@type":"ListItem","position":2,"name":"Zwiedzanie"}]},{"@type":"WebSite","@id":"https://kosciolpokoju.pl/de/#website","url":"https://kosciolpokoju.pl/de/","name":"Kościół Pokoju | DE","description":"Największa drewniana barokowa świątynia na świecie!","potentialAction":[{"@type":"SearchAction","target":{"@type":"EntryPoint","urlTemplate":"https://kosciolpokoju.pl/de/?s={search_term_string}"},"query-input":"required name=search_term_string"}],"inLanguage":"pl-PL"}]}</script>
<!-- / Yoast SEO plugin. -->

Zwiedzanie / Kościół Pokoju w Świdnicy

kwiecień - październik - godz. 9.00-18.00, (niedziela) - godz.11.30-18.00 / listopad - marzec, zwiedzanie po rezerwacji, tel.: + 48 74 852 28 14

Kościół Pokoju | DE

Strona główna

Największa drewniana barokowa świątynia na świecie!
